{"id":267,"date":"2021-01-04T07:39:00","date_gmt":"2021-01-04T06:39:00","guid":{"rendered":"http:\/\/annaokroj.pl\/index.php\/home\/"},"modified":"2024-01-01T20:22:47","modified_gmt":"2024-01-01T19:22:47","slug":"home","status":"publish","type":"page","link":"https:\/\/annaokroj.pl\/","title":{"rendered":"Strona g\u0142\u00f3wna"},"content":{"rendered":"<style>\/*! elementor - v3.6.5 - 27-04-2022 *\/<br \/>\n.elementor-widget-divider{--divider-border-style:none;--divider-border-width:1px;--divider-color:#2c2c2c;--divider-icon-size:20px;--divider-element-spacing:10px;--divider-pattern-height:24px;--divider-pattern-size:20px;--divider-pattern-url:none;--divider-pattern-repeat:repeat-x}.elementor-widget-divider .elementor-divider{display:-webkit-box;display:-ms-flexbox;display:flex}.elementor-widget-divider .elementor-divider__text{font-size:15px;line-height:1;max-width:95%}.elementor-widget-divider .elementor-divider__element{margin:0 var(--divider-element-spacing);-ms-flex-negative:0;flex-shrink:0}.elementor-widget-divider .elementor-icon{font-size:var(--divider-icon-size)}.elementor-widget-divider .elementor-divider-separator{display:-webkit-box;display:-ms-flexbox;display:flex;margin:0;direction:ltr}.elementor-widget-divider--view-line_icon .elementor-divider-separator,.elementor-widget-divider--view-line_text .elementor-divider-separator{-webkit-box-align:center;-ms-flex-align:center;align-items:center}.elementor-widget-divider--view-line_icon .elementor-divider-separator:after,.elementor-widget-divider--view-line_icon .elementor-divider-separator:before,.elementor-widget-divider--view-line_text .elementor-divider-separator:after,.elementor-widget-divider--view-line_text .elementor-divider-separator:before{display:block;content:\"\";border-bottom:0;-webkit-box-flex:1;-ms-flex-positive:1;flex-grow:1;border-top:var(--divider-border-width) var(--divider-border-style) var(--divider-color)}.elementor-widget-divider--element-align-left .elementor-divider .elementor-divider-separator>.elementor-divider__svg:first-of-type{-webkit-box-flex:0;-ms-flex-positive:0;flex-grow:0;-ms-flex-negative:100;flex-shrink:100}.elementor-widget-divider--element-align-left .elementor-divider-separator:before{content:none}.elementor-widget-divider--element-align-left .elementor-divider__element{margin-left:0}.elementor-widget-divider--element-align-right .elementor-divider .elementor-divider-separator>.elementor-divider__svg:last-of-type{-webkit-box-flex:0;-ms-flex-positive:0;flex-grow:0;-ms-flex-negative:100;flex-shrink:100}.elementor-widget-divider--element-align-right .elementor-divider-separator:after{content:none}.elementor-widget-divider--element-align-right .elementor-divider__element{margin-right:0}.elementor-widget-divider:not(.elementor-widget-divider--view-line_text):not(.elementor-widget-divider--view-line_icon) .elementor-divider-separator{border-top:var(--divider-border-width) var(--divider-border-style) var(--divider-color)}.elementor-widget-divider--separator-type-pattern{--divider-border-style:none}.elementor-widget-divider--separator-type-pattern.elementor-widget-divider--view-line .elementor-divider-separator,.elementor-widget-divider--separator-type-pattern:not(.elementor-widget-divider--view-line) .elementor-divider-separator:after,.elementor-widget-divider--separator-type-pattern:not(.elementor-widget-divider--view-line) .elementor-divider-separator:before,.elementor-widget-divider--separator-type-pattern:not([class*=elementor-widget-divider--view]) .elementor-divider-separator{width:100%;min-height:var(--divider-pattern-height);-webkit-mask-size:var(--divider-pattern-size) 100%;mask-size:var(--divider-pattern-size) 100%;-webkit-mask-repeat:var(--divider-pattern-repeat);mask-repeat:var(--divider-pattern-repeat);background-color:var(--divider-color);-webkit-mask-image:var(--divider-pattern-url);mask-image:var(--divider-pattern-url)}.elementor-widget-divider--no-spacing{--divider-pattern-size:auto}.elementor-widget-divider--bg-round{--divider-pattern-repeat:round}.rtl .elementor-widget-divider .elementor-divider__text{direction:rtl}<\/style>\n<style>\/*! elementor - v3.6.5 - 27-04-2022 *\/<br \/>\n.elementor-heading-title{padding:0;margin:0;line-height:1}.elementor-widget-heading .elementor-heading-title[class*=elementor-size-]>a{color:inherit;font-size:inherit;line-height:inherit}.elementor-widget-heading .elementor-heading-title.elementor-size-small{font-size:15px}.elementor-widget-heading .elementor-heading-title.elementor-size-medium{font-size:19px}.elementor-widget-heading .elementor-heading-title.elementor-size-large{font-size:29px}.elementor-widget-heading .elementor-heading-title.elementor-size-xl{font-size:39px}.elementor-widget-heading .elementor-heading-title.elementor-size-xxl{font-size:59px}<\/style>\n<h1>Anna Okr\u00f3j<\/h1>\n<h3>Radna Rady Miasta Rumi<\/h3>\n<ul>\n<li>a.okroj@rumia.eu<\/li>\n<li>509-856-264<\/li>\n<\/ul>\n<style>\/*! elementor - v3.6.5 - 27-04-2022 *\/<br \/>\n.elementor-widget-image{text-align:center}.elementor-widget-image a{display:inline-block}.elementor-widget-image a img[src$=\".svg\"]{width:48px}.elementor-widget-image img{vertical-align:middle;display:inline-block}<\/style>\n<p><img loading=\"lazy\" decoding=\"async\" src=\"http:\/\/annaokroj.pl\/wp-content\/uploads\/2022\/05\/43099929_1475704992573199_7660537504897957888_n.jpg\" sizes=\"auto, (max-width: 464px) 100vw, 464px\" srcset=\"https:\/\/annaokroj.pl\/wp-content\/uploads\/2022\/05\/43099929_1475704992573199_7660537504897957888_n.jpg 464w, https:\/\/annaokroj.pl\/wp-content\/uploads\/2022\/05\/43099929_1475704992573199_7660537504897957888_n-300x300.jpg 300w, https:\/\/annaokroj.pl\/wp-content\/uploads\/2022\/05\/43099929_1475704992573199_7660537504897957888_n-150x150.jpg 150w, https:\/\/annaokroj.pl\/wp-content\/uploads\/2022\/05\/43099929_1475704992573199_7660537504897957888_n-75x75.jpg 75w\" alt=\"\" width=\"464\" height=\"464\" \/><\/p>\n<h6>O mnie<\/h6>\n<div class=\"flex flex-col items-center text-sm dark:bg-gray-800 w-full\">\n<div class=\"w-full border-b border-black\/10 dark:border-gray-900\/50 text-gray-800 dark:text-gray-100 group bg-gray-50 dark:bg-[#444654]\">\n<div class=\"text-base gap-4 md:gap-6 m-auto md:max-w-2xl lg:max-w-2xl xl:max-w-3xl p-4 md:py-6 flex lg:px-0\">\n<div class=\"w-[calc(100%-50px)] \">\n<div class=\"relative flex flex-col gap-1 md:gap-3 lg:w-[calc(100%-115px)]\">\n<div class=\"markdown prose w-full break-words dark:prose-invert dark\">\n<p>Jestem radn\u0105 Rady Miejskiej w Rumi z ramienia Komitetu Wyborczego Wyborc\u00f3w Micha\u0142a Pasiecznego Ponad Podzia\u0142ami. Urodzi\u0142am si\u0119 50 lat temu i mieszkam w Rumi od urodzenia. Jestem osob\u0105, kt\u00f3ra zajmuje si\u0119 sprawami publicznymi w swoim mie\u015bcie. Przewodnicz\u0105c\u0105 Komisji Polityki Spo\u0142ecznej w Rumi oraz cz\u0142onkiem Komisji Polityki Gospodarczej i Przestrzennej oraz Komisji Sportu, Rekreacji i Promocji. Pracuje jako\u00a0 pedagog w Szkole Podstawowej nr 8 i Szkole Podstawowej nr 4 w Rumi.<br \/>\nJest aktywn\u0105 wolontariuszk\u0105, od lat anga\u017cuj\u0119 innych w wolontariat oraz osob\u0105 kt\u00f3ra pomaga seniorom i osobom potrzebuj\u0105cym pomocy.<\/p>\n<p>&nbsp;<\/p>\n<p>&nbsp;<\/p>\n<p class=\"whitespace-pre-wrap\">\n<\/div>\n<\/div>\n<\/div>\n<\/div>\n<\/div>\n<\/div>\n<h2><\/h2>\n<p>&nbsp;<\/p>\n<style>\/*! elementor - v3.6.5 - 27-04-2022 *\/<br \/>\n.e-container.e-container--row .elementor-spacer-inner{width:var(--spacer-size)}.e-container.e-container--column .elementor-spacer-inner,.elementor-column .elementor-spacer-inner{height:var(--spacer-size)}<\/style>\n","protected":false},"excerpt":{"rendered":"<p>Anna Okr\u00f3j Radna Rady Miasta Rumi a.okroj@rumia.eu 509-856-264 O mnie Jestem radn\u0105 Rady Miejskiej w Rumi z ramienia Komitetu Wyborczego Wyborc\u00f3w Micha\u0142a Pasiecznego Ponad Podzia\u0142ami. Urodzi\u0142am si\u0119 50 lat temu i mieszkam w Rumi od urodzenia. Jestem osob\u0105, kt\u00f3ra zajmuje si\u0119 sprawami publicznymi w swoim mie\u015bcie. Przewodnicz\u0105c\u0105 Komisji Polityki Spo\u0142ecznej w Rumi oraz cz\u0142onkiem Komisji &hellip;<\/p>\n<p class=\"read-more\"> <a class=\"\" href=\"https:\/\/annaokroj.pl\/\"> <span class=\"screen-reader-text\">Strona g\u0142\u00f3wna<\/span> Read More &raquo;<\/a><\/p>\n","protected":false},"author":1,"featured_media":0,"parent":0,"menu_order":0,"comment_status":"closed","ping_status":"closed","template":"","meta":{"site-sidebar-layout":"no-sidebar","site-content-layout":"page-builder","ast-global-header-display":"","ast-main-header-display":"","ast-hfb-above-header-display":"","ast-hfb-below-header-display":"","ast-hfb-mobile-header-display":"","site-post-title":"disabled","ast-breadcrumbs-content":"disabled","ast-featured-img":"disabled","footer-sml-layout":"","theme-transparent-header-meta":"enabled","adv-header-id-meta":"","stick-header-meta":"","header-above-stick-meta":"","header-main-stick-meta":"","header-below-stick-meta":"","footnotes":""},"class_list":["post-267","page","type-page","status-publish","hentry"],"_links":{"self":[{"href":"https:\/\/annaokroj.pl\/index.php\/wp-json\/wp\/v2\/pages\/267","targetHints":{"allow":["GET"]}}],"collection":[{"href":"https:\/\/annaokroj.pl\/index.php\/wp-json\/wp\/v2\/pages"}],"about":[{"href":"https:\/\/annaokroj.pl\/index.php\/wp-json\/wp\/v2\/types\/page"}],"author":[{"embeddable":true,"href":"https:\/\/annaokroj.pl\/index.php\/wp-json\/wp\/v2\/users\/1"}],"replies":[{"embeddable":true,"href":"https:\/\/annaokroj.pl\/index.php\/wp-json\/wp\/v2\/comments?post=267"}],"version-history":[{"count":48,"href":"https:\/\/annaokroj.pl\/index.php\/wp-json\/wp\/v2\/pages\/267\/revisions"}],"predecessor-version":[{"id":666,"href":"https:\/\/annaokroj.pl\/index.php\/wp-json\/wp\/v2\/pages\/267\/revisions\/666"}],"wp:attachment":[{"href":"https:\/\/annaokroj.pl\/index.php\/wp-json\/wp\/v2\/media?parent=267"}],"curies":[{"name":"wp","href":"https:\/\/api.w.org\/{rel}","templated":true}]}}